{"id":12,"date":"2016-03-10T09:31:39","date_gmt":"2016-03-10T09:31:39","guid":{"rendered":"http:\/\/demo.sjodalens.se\/?page_id=12"},"modified":"2016-03-18T14:54:11","modified_gmt":"2016-03-18T14:54:11","slug":"kontakt","status":"publish","type":"page","link":"http:\/\/demo.sjodalens.se\/?page_id=12","title":{"rendered":"Kontakt"},"content":{"rendered":"<p><img loading=\"lazy\" decoding=\"async\" class=\"alignleft wp-image-62 \" src=\"\/wp-content\/uploads\/20160315_061816-300x169.jpg\" alt=\"\" width=\"329\" height=\"185\" srcset=\"http:\/\/demo.sjodalens.se\/wp-content\/uploads\/20160315_061816-300x169.jpg 300w, http:\/\/demo.sjodalens.se\/wp-content\/uploads\/20160315_061816-1024x576.jpg 1024w, http:\/\/demo.sjodalens.se\/wp-content\/uploads\/20160315_061816-624x351.jpg 624w\" sizes=\"auto, (max-width: 329px) 100vw, 329px\" \/><strong>Sj\u00f6dalens Bygg &amp; <\/strong><strong><br \/>\nFastighetsservice AB<\/strong><br \/>\nCentralv\u00e4gen 14<br \/>\n141 46 Huddinge<\/p>\n<p>Bes\u00f6ksadress: Bj\u00f6rkholmsv\u00e4gen 15<br \/>\nTel 08-711 41 71 M\u00e5n-tors 07-16 Fre 07-13<br \/>\nfelanmalan@sjodalens.se<\/p>\n<p>Fastighetsjour\u00a0vid akuta \u00e4renden\u00a0utanf\u00f6r ordinarie arbetstid och helgdagar. Jourmont\u00f6r 08-657 77 22 T\u00e4nk p\u00e5 att du som bostadsr\u00e4ttsinnehavare troligen sj\u00e4lv blir betalningsansvarig f\u00f6r jourutryckning.\u00a0 Se f\u00f6reningens stadgar f\u00f6r ansvarsf\u00f6rdelning.<\/p>\n<p>&nbsp;<\/p>\n<p>&nbsp;<\/p>\n","protected":false},"excerpt":{"rendered":"<p>Sj\u00f6dalens Bygg &amp; Fastighetsservice AB Centralv\u00e4gen 14 141 46 Huddinge Bes\u00f6ksadress: Bj\u00f6rkholmsv\u00e4gen 15 Tel 08-711 41 71 M\u00e5n-tors 07-16 Fre 07-13 felanmalan@sjodalens.se Fastighetsjour\u00a0vid akuta \u00e4renden\u00a0utanf\u00f6r ordinarie arbetstid och helgdagar. Jourmont\u00f6r&#8230; <a href=\"http:\/\/demo.sjodalens.se\/?page_id=12\">L\u00e4s mer &raquo;<\/a><\/p>\n","protected":false},"author":1,"featured_media":0,"parent":0,"menu_order":0,"comment_status":"closed","ping_status":"closed","template":"","meta":{"footnotes":""},"class_list":["post-12","page","type-page","status-publish","hentry"],"_links":{"self":[{"href":"http:\/\/demo.sjodalens.se\/index.php?rest_route=\/wp\/v2\/pages\/12","targetHints":{"allow":["GET"]}}],"collection":[{"href":"http:\/\/demo.sjodalens.se\/index.php?rest_route=\/wp\/v2\/pages"}],"about":[{"href":"http:\/\/demo.sjodalens.se\/index.php?rest_route=\/wp\/v2\/types\/page"}],"author":[{"embeddable":true,"href":"http:\/\/demo.sjodalens.se\/index.php?rest_route=\/wp\/v2\/users\/1"}],"replies":[{"embeddable":true,"href":"http:\/\/demo.sjodalens.se\/index.php?rest_route=%2Fwp%2Fv2%2Fcomments&post=12"}],"version-history":[{"count":11,"href":"http:\/\/demo.sjodalens.se\/index.php?rest_route=\/wp\/v2\/pages\/12\/revisions"}],"predecessor-version":[{"id":56,"href":"http:\/\/demo.sjodalens.se\/index.php?rest_route=\/wp\/v2\/pages\/12\/revisions\/56"}],"wp:attachment":[{"href":"http:\/\/demo.sjodalens.se\/index.php?rest_route=%2Fwp%2Fv2%2Fmedia&parent=12"}],"curies":[{"name":"wp","href":"https:\/\/api.w.org\/{rel}","templated":true}]}}